n + 5*r, -n + 0*r = 4*r + 2. List the prime factors of n/7 + 562/7.
2, 5
Let a(j) = 8*j. Let g(z) = z**3 + 11*z**2 - z - 1. Let h(k) = k**2 + k - 1. Let i(f) = -g(f) + 5*h(f). Let c be i(-7). List the prime factors of a(c).
2, 3
Let q = 745 + -413. List the prime factors of q.
2, 83
Let t(h) = h**2 + h + 18. Suppose 4*l - 44 = -0*n - 2*n, -l = 2*n - 14. List the prime factors of t(l).
2
Suppose u = 10*u - 36. Suppose 8*l - 104 = u*l. List the prime factors of l.
2, 13
Suppose -4*z + 4*i + 30 = 2*i, z + 10 = -3*i. Suppose 612 = z*j - x, 3*x + 108 = j - 2*x. What are the prime factors of j?
3, 41
Let b = -24 + -5. Let h be (0 + 12)/(-3) - -1. What are the prime factors of b/h - 4/(-12)?
2, 5
Suppose 44*w - 37*w - 2373 = 0. What are the prime factors of w?
3, 113
Let f(m) = -5*m + 9. Let w be f(4). Let g = w + -12. Let y = -14 - g. List the prime factors of y.
3
Suppose 4*z = 4*v - 1440, -4*z + 355 = -v + 2*v. What are the prime factors of v?
359
Suppose 25 + 2 = 9*u. What are the prime factors of (-1)/(u - 2) + 38?
37
Suppose -2*h + 3 + 1 = 0. Suppose -9*o + 5*p + 275 = -4*o, -2*o - 3*p + 135 = 0. Suppose -h*r + o = -4. What are the prime factors of r?
2
Suppose 5*s + 5*y + 9 + 61 = 0, 3*y - 28 = 4*s. Let w be 5*(-4 + (-44)/s). Suppose w*u + 4*t - 11 = u, -2*u - 3*t + 22 = 0. List the prime factors of u.
11
Suppose -3*d - 2*d - 107 = -r, 0 = -5*r + 3*d + 425. List the prime factors of (r - 1)/(3/2).
2, 3
Suppose 4*m - 940 = -0*a + 4*a, 215 = m - 5*a. Suppose -r + 3*p = -67, -m = -3*r - 2*r - 4*p. What are the prime factors of r?
2, 13
Suppose 3*y + 0*i - 2063 = 4*i, -713 = -y - 5*i. What are the prime factors of y?
3, 7, 11
Suppose 16*w - 600 = 12*w. What are the prime factors of w?
2, 3, 5
Suppose 0 = 5*o - j - 1017, 2*o + 3*j = -0*j + 417. List the prime factors of o.
2, 3, 17
Let v(h) = -2 + 1 + 0 + 4*h + 17*h**2 + 2. List the prime factors of v(-2).
61
Let x = -944 + 970. List the prime factors of x.
2, 13
Suppose 7*k + 6670 = 5*g + 2*k, 0 = 4*g - k - 5351. List the prime factors of g.
13, 103
Suppose 4*g + 20 = -g. What are the prime factors of ((-5)/(-2) + g)*-2?
3
Let u = 13 - 9. Let d(n) = -24*n**3 - 1. Let y be d(-1). Suppose 3 = -u*t + y. List the prime factors of t.
5
Suppose -2*q - 91 = -367. Let r(i) = 4*i - 31. Let c be r(-13). Let p = c + q. List the prime factors of p.
5, 11
Let q(l) = 8*l**2 + 10*l + 9. Let w(s) = -s. Let n be w(6). Let p be q(n). What are the prime factors of (0 - 1)*p/(-3)?
79
Suppose -27*q + 1365 = -20*q. What are the prime factors of q?
3, 5, 13
Suppose 0 = -3*g - 2295 + 10671. What are the prime factors of g?
2, 349
Let d(k) = 47*k**3 + 3*k**2 - 13*k + 18. What are the prime factors of d(3)?
3, 5, 17
List the prime factors of 2*251 - (-74 + 66).
2, 3, 5, 17
Let g be -5 + -2 - -4 - -39. Let l = 12 + g. List the prime factors of l.
2, 3
What are the prime factors of (246/5)/((0 - -3)/15)?
2, 3, 41
Let b be -5*((-13)/5 + 2). Suppose -b*t - 1 = 8. Let d(z) = z**3 + 3*z**2 - z - 1. List the prime factors of d(t).
2
Let m(d) be the first derivative of 11*d**2/2 + 28*d + 4. What are the prime factors of m(4)?
2, 3
Suppose -5*z = 4*s - 6065, -4*s = 2*z - 7*z + 6025. What are the prime factors of z?
3, 13, 31
Let g = -416 - -273. Let z = g + 319. What are the prime factors of z?
2, 11
Let b(k) = -3*k**3 - 12*k**2 - 10*k - 84. What are the prime factors of b(-9)?
3, 11, 37
Let b be (-3)/(1 - (-5)/(-2)). List the prime factors of 39*b/(-5)*175/(-30).
7, 13
Let d be (-6)/(-27)*-224 - (-18)/(-81). Let v = 10 - d. List the prime factors of v.
2, 3, 5
Let x = 3118 - 1797. List the prime factors of x.
1321
Suppose 274*x - 272*x = 3270. What are the prime factors of x?
3, 5, 109
Let q be (1 - -1 - 7)*(-992)/20. Suppose -7*w + q + 67 = 0. List the prime factors of w.
3, 5
Suppose 2*h + 12 = -p - 3*p, p = -2*h + 3. Suppose -l + 0*w + 242 = w, l = -h*w + 242. List the prime factors of l.
2, 11
Suppose -3*q + 2*i = 0, q = -3*i + 4*i. List the prime factors of -4 + (-2 - -80) + q.
2, 37
Let o = -17 - -17. Let k = 5 - o. Let l = k + 18. List the prime factors of l.
23
Suppose 0 = -0*b - 2*b - 4, 2*b = x - 289. What are the prime factors of x?
3, 5, 19
Suppose 0*l = 5*l + 35. Let k be (l - -6)*(-23 + 0). Let a = -2 + k. What are the prime factors of a?
3, 7
Suppose 16*s - 95 = 21*s. Let d = s + 63. List the prime factors of d.
2, 11
Suppose 0*z = -2*z - 4*v + 292, 0 = -4*z - 5*v + 575. Let i = -96 + z. List the prime factors of i.
2, 11
Suppose 18294 = 15*g + 1674. List the prime factors of g.
2, 277
What are the prime factors of 4/(-3) + 8094/171?
2, 23
Suppose 36*p + 225 = 3*s + 33*p, 5*p = s - 67. What are the prime factors of s?
7, 11
Suppose 0 = -47*q + 38*q + 9666. What are the prime factors of q?
2, 3, 179
Suppose 0*k = 5*k - 15. Let u be (1/k)/(2/24). List the prime factors of 66/8 - u/16.
2
Suppose -t = -2*t + 4. Suppose -8 = -t*v, -4*k - k - 4*v = -58. List the prime factors of 4/(-10) + 524/k.
2, 13
Let h be (66/55)/((-1)/90). What are the prime factors of ((-20)/8)/(3/h)?
2, 3, 5
Let s be (117/6)/1*2. Let w(l) = 22*l**3 - 1. Let c be w(-1). Let z = c + s. What are the prime factors of z?
2
Suppose -4*u = -3*p + 13920, 15 - 6 = -3*u. What are the prime factors of p?
2, 19, 61
Let n be ((-18)/(-2))/((27/(-14))/(-9)). Suppose a - n = -2*i, -5*a - i + 5*i = -168. List the prime factors of a.
2, 3
Suppose -99 = -3*w - 3*l, -w = w + 4*l - 70. Let y = w + 26. Suppose 5*s - y - 58 = 0. List the prime factors of s.
23
Suppose -5*d = -4*f + 23, 0 = -3*f - 3*d + d. List the prime factors of (2 - (-112 + -1))*f.
2, 5, 23
List the prime factors of 12180/91 + 20/130.
2, 67
Let r(u) = u**3 - u**2 - 3*u - 4. Suppose -6 = -3*i + i. Let w be r(i). Suppose -166 = -w*b + 14. What are the prime factors of b?
2, 3
Suppose 0 = 225*x - 232*x + 2674. List the prime factors of x.
2, 191
Let o be -2*(-2)/(-2)*-1. Suppose -o*s = -z + 3*z - 10, 0 = 2*z - 10. Suppose -5*d + 86 - 1 = s. What are the prime factors of d?
17
Let u = 0 + 14. Let w = u - 13. Let h = 32 - w. List the prime factors of h.
31
Let p = -10 - 1. Let h(c) = 57*c**3 - 2*c**2 - 2*c - 1. Let z be h(-1). Let a = p - z. What are the prime factors of a?
47
Suppose 3*c - 81 = 699. Suppose 0*t + c = 5*t. What are the prime factors of t?
2, 13
Let v = 99 - 100. Let n(g) = -158*g**3 + g**2 + g. List the prime factors of n(v).
2, 79
Suppose 0 = 4*x + 8*f - 3*f + 29, 3*x + 5*f = -28. What are the prime factors of (x/(-2) + 0)/((-2)/(-44))?
11
Let n be ((-6)/28 + (-10)/35)*6. What are the prime factors of (-3*3)/n - (-101 - -2)?
2, 3, 17
Let x(m) = 2*m. Let o be x(-7). Let l = o + 3. Let d(c) = -c + 6. What are the prime factors of d(l)?
17
Suppose 2*k - 162 = -4*k. Let u = 42 - k. What are the prime factors of u?
3, 5
Suppose -5*m - 7*p + 2*p = -2160, 5*m + 2*p = 2151. List the prime factors of m.
3, 11, 13
Suppose g + 3*i = 2, 0*g = g - 4*i - 2. Suppose -g*s = -3*x + 103 + 557, 4*x - 5*s - 887 = 0. List the prime factors of x.
2, 109
Suppose 0 = 6*n - 2*n - 12. Suppose 0 = -l + n, -4 = -b - 4*l + 11. Suppose -4*q + 4 = 0, -24 = -2*j - b*q + 5. What are the prime factors of j?
13
Let x = -6 + 9. Let i(b) = -93*b**2 + b**x - 2 + 5*b - 4 + 88*b**2. What are the prime factors of i(5)?
19
Let m(l) = 53*l - 43. Let k be m(14). Let i = -498 + k. What are the prime factors of i?
3, 67
Let k(i) = -i - 9. Suppose 5 + 4 = -s. Let q be k(s). What are the prime factors of (q - 0)/4 + 3?
3
Let i = -13 + 17. Suppose -2*k + j = 78 - 209, i*k = j + 257. Suppose 4*y + 18 = 2*s, 2*s + 0*s = -5*y + k. What are the prime factors of s?
19
Let d be (16/10)/(18/315). Let y = 248 + d. List the prime factors of y.
2, 3, 23
Let s(u) = 3*u**2 - 4*u**2 + 3 - 8 - 2*u + 8*u**2. What are the prime factors of s(-3)?
2
Let j(f) be the first derivative of f**6/60 - f**5/60 - f**4/24 - 5*f**2/2 - 3. Let s(m) be the second derivative of j(m). What are the prime factors of s(2)?
2, 5
Let u(r) = r**2 - 9*r + 8. Let k = 7 + -2. Let y be u(k). List the prime factors of 0 - 1 - 1 - y.
2, 5
Suppose -314 - 236 = -11*l. List the prime factors of l.
2, 5
Let m(r) = -2*r + 28. Let o be m(12). Suppose -o*a - 987 = -11*a. List the prime factors of a.
3, 47
Let w = 76 - 78. List the prime factors of (-21)/w*3/9*34.
7, 17
Let q be 5/(